{"id":23,"date":"2015-06-22T12:28:30","date_gmt":"2015-06-22T10:28:30","guid":{"rendered":"http:\/\/m78.corsidistudio.unina.it\/?page_id=23"},"modified":"2015-09-27T20:22:59","modified_gmt":"2015-09-27T18:22:59","slug":"organizzazione","status":"publish","type":"page","link":"https:\/\/m78.corsidistudio.unina.it\/?page_id=23","title":{"rendered":"Organizzazione"},"content":{"rendered":"<p><span style=\"color: #993366\"><strong>Ammissione al Corso di Studio<\/strong><\/span><\/p>\n<p style=\"text-align: justify\">Possono essere ammessi al CdS candidati che siano in possesso di Diploma di Scuola media superiore o di titolo estero equipollente.\u00a0Il numero di Studenti ammessi \u00e8 definito in base alla programmazione nazionale ed alla disponibilit\u00e0 di Personale docente, di strutture didattiche (aule, laboratori) e di strutture assistenziali utilizzabili per la conduzione delle attivit\u00e0 pratiche, coerentemente con le raccomandazioni dell\u2019Unione Europea, applicando i parametri e le direttive predisposti dall\u2019 Ateneo e dalla Scuola.\u00a0L&#8217;accesso al Corso di Laurea \u00e8 a numero programmato in base alla legge 264\/99 e prevede un esame di ammissione che consiste in una prova con test a scelta multipla<\/p>\n<p style=\"text-align: justify\"><span style=\"color: #993366\"><strong>Crediti formativi<\/strong><\/span><\/p>\n<p>L\u2019unit\u00e0 di\u00a0 misura del lavoro richiesto allo Studente per l\u2019espletamento di ogni attivit\u00e0 formativa prescritta dall\u2019 Ordinamento didattico per conseguire il titolo di studio \u00e8 il Credito Formativo Universitario (CFU).\u00a0Il CdS prevede 180 CFU complessivi, articolati in tre anni di corso, di cui almeno 60 da acquisire in attivit\u00e0 formative finalizzate alla maturazione di specifiche capacit\u00e0 professionali <em>(tirocinio)<\/em>.<\/p>\n<p>Ad ogni CFU corrispondono 25 ore di lavoro dello Studente, comprensive<\/p>\n<ol>\n<li>delle ore di lezione;<\/li>\n<li style=\"text-align: justify\">delle ore di attivit\u00e0 didattica tutoriale svolta in laboratori, reparti assistenziali, ambulatori, day hospital;<\/li>\n<li>delle ore di seminario;<\/li>\n<li>delle ore spese dallo Studente nelle altre attivit\u00e0 formative previste dall\u2019Ordinamento didattico;<\/li>\n<li>delle ore di studio autonomo per completare la sua formazione (non inferiore al 50%).<\/li>\n<\/ol>\n<p>I crediti corrispondenti a ciascun Corso di insegnamento e\/o attivit\u00e0 didattica sono acquisiti dallo Studente con il superamento del relativo esame. (di profitto o di idoneit\u00e0)<\/p>\n<p><strong><span style=\"color: #993366\">Obbligo di frequenza<\/span><\/strong><\/p>\n<p style=\"text-align: justify\">La frequenza all&#8217;attivit\u00e0 didattica formale, alle attivit\u00e0 integrative, alle attivit\u00e0 formative professionalizzanti e di tirocinio \u00e8 obbligatoria. Le prove di esame potranno esse sostenute esclusivamente con una frequenza non inferiore al 75% del totale delle ore previste per ogni singolo insegnamento. Il passaggio agli anni successivi \u00e8 consentito solo se lo studente ha frequentato l&#8217;attivit\u00e0 didattica formale e completato il monte ore di tirocinio previsto salvo quanto stabilito nel successivo punto 11(sbarramenti).\u00a0L\u2019accesso alla frequenza del tirocinio dell\u2019anno successivo \u00e8 vincolato all\u2019esito positivo del tirocinio dell\u2019anno precedente.\u00a0\u00a0Per essere ammesso all&#8217;esame finale di laurea \u2011 che ha valore abilitante \u2011 lo studente deve aver superato tutti gli esami di profitto, ed avere avuto una valutazione positiva di tutti i tirocini. La frequenza viene verificata dai Docenti, secondo le modalit\u00e0 stabilite dal CDCL. L&#8217;attestazione di frequenza alle attivit\u00e0 didattiche obbligatorie di un Corso di insegnamento \u00e8 necessaria allo Studente per sostenere il relativo esame.\u00a0Gli Studenti eletti negli organi collegiali hanno giustificate le assenze dalle attivit\u00e0 didattiche per l&#8217;espletamento delle riunioni dei medesimi organi.<\/p>\n<p><strong><span style=\"color: #993366\">Sbarramenti<\/span><\/strong><\/p>\n<p style=\"text-align: justify\">\u00c8 consentito il passaggio da un anno al successivo esclusivamente agli Studenti che, al termine della sessione di esami di settembre\/ottobre o, comunque, prima dell&#8217;inizio dei corsi del 1 \u00b0 semestre, abbiano acquisito tutti i crediti formativi previsti dal piano di studi, con un debito massimo di 20 crediti rispettando le propedeuticit\u00e0 previste dal piano di studi.\u00a0Lo studente si considera <em>`fuori corso <\/em>&#8221; quando, avendo frequentato le attivit\u00e0 formative previste dall&#8217;Ordinamento, non abbia superato gli esami e le altre prove di verifica relative all&#8217;intero curriculum e non abbia acquisito il numero di crediti necessari al conseguimento del titolo.\u00a0Lo studente decade dal suo <em>status<\/em> qualora non abbia superato alcuno degli esami previsti dall\u2019 ordinamento per cinque anni consecutivi dall\u2019 ultimo esame superato, secondo quanto riportato nel Regolamento Didattico di Ateneo.<\/p>\n<p style=\"text-align: justify\"><span style=\"color: #993366\"><strong>Verifica dell\u2019apprendimento<\/strong><\/span><\/p>\n<p style=\"text-align: justify\">Il CDCL stabilisce le tipologie ed il numero delle prove di esame necessarie per valutare l\u2019apprendimento degli Studenti.\u00a0Il numero complessivo degli esami curriculari non pu\u00f2 superare quello dei corsi ufficiali stabiliti dall\u2019 ordinamento.\u00a0La verifica dell\u2019apprendimento pu\u00f2 avvenire attraverso valutazioni formative e valutazioni certificative.\u00a0Le valutazioni formative (prove <em>in itinere<\/em>) sono intese a rilevare l\u2019efficacia dei processi di apprendimento e di insegnamento nei confronti dei contenuti determinati.\u00a0Le valutazioni certificative (esami di profitto) sono invece finalizzate a valutare e quantificare con un voto il conseguimento degli obiettivi dei corsi, certificando il grado di preparazione individuale degli Studenti.\u00a0Gli esami di profitto possono essere effettuati esclusivamente nei periodi a ci\u00f2 dedicati e denominati sessioni di esame.\u00a0I momenti di verifica non possono coincidere con i periodi nei quali si svolgono le attivit\u00e0 ufficiali, ne con altri che comunque possano limitare la partecipazione degli Studenti a tali attivit\u00e0.<\/p>\n<p>Le sessioni di esame sono fissate in tre periodi:<\/p>\n<p>1<sup>a<\/sup> sessione nei mesi gennaio-febbraio-marzo;<\/p>\n<p>2<sup>a<\/sup> sessione nei mesi giugno-luglio;<\/p>\n<p>3<sup>a<\/sup> sessione nel mese di settembre\/ottobre.<\/p>\n<p style=\"text-align: justify\">Le date di inizio e di conclusione delle tre sessioni d\u2019esame sono fissate nella programmazione didattica di Facolt\u00e0. In ogni sessione sono definite le date di inizio degli appelli, distanziate di almeno due settimane. Il numero degli appelli \u00e8 fissato in non meno di due per ciascuna sessione di esame.\u00a0La Commissione di esame \u00e8 costituita da almeno due Docenti impegnati nel relativo Corso di insegnamento ed \u00e8 presieduta, di norma, dal Coordinatore.\u00a0Sono consentite modalit\u00e0 differenziate di valutazione, anche consistenti in fasi successive del medesimo esame:<\/p>\n<ul>\n<li>prove orali tradizionali e prove scritte oggettive e strutturate (per la valutazione di obiettivi cognitivi che devono riguardare tutte le discipline del corso compatto in un\u2019ottica interdisciplinare);<\/li>\n<li>prove pratiche e prove simulate (per la valutazione delle competenze professionali e delle capacit\u00e0 gestuali e relazionali);<\/li>\n<li>gli esiti delle prove in itinere potranno costituire l\u2019unico elemento di valutazione finale per la Commissione<\/li>\n<\/ul>\n<p>Per maggiori informazioni si pu\u00f2 consultare il\u00a0<a href=\"http:\/\/m78.corsidistudio.unina.it\/wp-content\/uploads\/sites\/13\/2015\/06\/Regolamento-Didattico-CdS-Fisioterapia.pdf\">Regolamento Didattico CdS Fisioterapia<\/a><\/p>\n","protected":false},"excerpt":{"rendered":"<p>Ammissione al Corso di Studio Possono essere ammessi al CdS candidati che siano in possesso di Diploma di Scuola media superiore o di titolo estero &#8230; <\/p>\n","protected":false},"author":3,"featured_media":0,"parent":19,"menu_order":0,"comment_status":"open","ping_status":"open","template":"page-fullwidth.php","meta":{"footnotes":""},"class_list":["post-23","page","type-page","status-publish","hentry"],"_links":{"self":[{"href":"https:\/\/m78.corsidistudio.unina.it\/index.php?rest_route=\/wp\/v2\/pages\/23","targetHints":{"allow":["GET"]}}],"collection":[{"href":"https:\/\/m78.corsidistudio.unina.it\/index.php?rest_route=\/wp\/v2\/pages"}],"about":[{"href":"https:\/\/m78.corsidistudio.unina.it\/index.php?rest_route=\/wp\/v2\/types\/page"}],"author":[{"embeddable":true,"href":"https:\/\/m78.corsidistudio.unina.it\/index.php?rest_route=\/wp\/v2\/users\/3"}],"replies":[{"embeddable":true,"href":"https:\/\/m78.corsidistudio.unina.it\/index.php?rest_route=%2Fwp%2Fv2%2Fcomments&post=23"}],"version-history":[{"count":4,"href":"https:\/\/m78.corsidistudio.unina.it\/index.php?rest_route=\/wp\/v2\/pages\/23\/revisions"}],"predecessor-version":[{"id":301,"href":"https:\/\/m78.corsidistudio.unina.it\/index.php?rest_route=\/wp\/v2\/pages\/23\/revisions\/301"}],"up":[{"embeddable":true,"href":"https:\/\/m78.corsidistudio.unina.it\/index.php?rest_route=\/wp\/v2\/pages\/19"}],"wp:attachment":[{"href":"https:\/\/m78.corsidistudio.unina.it\/index.php?rest_route=%2Fwp%2Fv2%2Fmedia&parent=23"}],"curies":[{"name":"wp","href":"https:\/\/api.w.org\/{rel}","templated":true}]}}